base 14) to base 15.
-a
1002020 (base 3) to base 14
405
140 (base 5) to base 9
50
1248 (base 15) to base 11
2a1a
What is 1013 (base 9) in base 12?
519
What is -1112011 (base 3) in base 9?
-1464
What is 12926 (base 11) in base 14?
69da
2aa (base 14) to base 12
392
What is 22202111 (base 4) in base 13?
1684a
What is 422b (base 13) in base 5?
243123
-200002 (base 3) to base 6
-2132
1292 (base 13) to base 15
bbe
What is 9e16 (base 16) in base 4?
21320112
What is -9b9 (base 15) in base 14?
-b31
Convert -3261 (base 11) to base 15.
-141c
Convert -6250 (base 8) to base 11.
-2486
Convert -10125 (base 6) to base 7.
-3635
Convert -2022000 (base 4) to base 12.
-5140
Convert 14304 (base 8) to base 13.
2b69
-20821 (base 9) to base 3
-200220201
Convert 11011011000 (base 2) to base 6.
12040
Convert 101011110000 (base 2) to base 13.
1375
11023003 (base 4) to base 2
101001011000011
-1002010 (base 3) to base 9
-1063
What is 11727 (base 9) in base 13?
3784
Convert 21121200 (base 3) to base 16.
15b1
Convert -3405 (base 8) to base 4.
-130011
Convert 517 (base 16) to base 5.
20203
Convert 676 (base 16) to base 3.
2021021
What is -12157 (base 11) in base 13?
-7c61
-a7 (base 14) to base 7
-300
Convert 7480 (base 9) to base 5.
133444
Convert 10000001011 (base 2) to base 5.
13120
10011001110001 (base 2) to base 9
14444
-272 (base 9) to base 7
-443
15340 (base 9) to base 16
28f5
-1265 (base 16) to base 3
-20110102
Convert 4572 (base 11) to base 9.
8215
What is -63705 (base 10) in base 11?
-43954
What is 898 (base 10) in base 3?
1020021
-1111120 (base 3) to base 7
-3123
-1149 (base 10) to base 11
-955
What is 100030 (base 5) in base 8?
6104
Convert 116330 (base 8) to base 13.
15378
What is -8b2 (base 14) in base 16?
-6bc
Convert -78227 (base 9) to base 10.
-51946
What is 12021 (base 5) in base 11?
736
Convert 204443 (base 5) to base 12.
3b89
-24026 (base 9) to base 13
-7407
Convert 3a7 (base 13) to base 9.
785
-1011110000 (base 2) to base 9
-1025
What is -7028 (base 11) in base 6?
-111135
Convert 24 (base 11) to base 9.
28
Convert -1121210 (base 3) to base 13.
-6cc
-247 (base 9) to base 3
-21121
Convert -112301 (base 4) to base 3.
-1222222
54476 (base 8) to base 10
22846
Convert 3051 (base 7) to base 15.
4b0
774 (base 8) to base 16
1fc
What is 142401 (base 5) in base 11?
4543
What is 15bd9 (base 15) in base 4?
101020203
-3077b (base 12) to base 9
-105755
-121230 (base 4) to base 6
-11340
What is -132820 (base 9) in base 13?
-2aa59
2931 (base 14) to base 16
1c7f
Convert -8390 (base 10) to base 15.
-2745
What is 138 (base 12) in base 13?
116
What is 6b56 (base 13) in base 11?
10399
577 (base 16) to base 9
1824
Convert -211220 (base 5) to base 13.
-32a1
110222001 (base 3) to base 16
24eb
Convert 20a (base 16) to base 12.
376
What is -11581 (base 9) in base 12?
-45b4
What is 1120100 (base 3) in base 9?
1510
Convert 1103031 (base 5) to base 8.
45305
Convert 2b4 (base 12) to base 7.
1144
Convert 925 (base 15) to base 4.
200030
Convert 323220 (base 4) to base 14.
1568
Convert -10301 (base 4) to base 12.
-215
What is -2498 (base 12) in base 7?
-15044
Convert -4055 (base 14) to base 8.
-25453
What is 90 (base 16) in base 15?
99
-73a (base 13) to base 14
-640
What is -100001001 (base 2) in base 8?
-411
Convert 40374 (base 10) to base 2.
1001110110110110
1426 (base 7) to base 8
1057
Convert -3030301 (base 4) to base 7.
-53131
Convert -110100011000010 (base 2) to base 12.
-1362a
Convert -4334 (base 9) to base 6.
-22434
What is -1d (base 16) in base 13?
-23
What is -1114 (base 6) in base 13?
-172
-10000001100 (base 2) to base 3
-1102101
Convert 2022 (base 6) to base 8.
676
74 (base 16) to base 3
11022
-217 (base 16) to base 6
-2251
What is 2149 (base 13) in base 12?
2814
33010 (base 4) to base 3
1022201
5a8 (base 14) to base 9
1483
520 (base 7) to base 2
100000011
Convert -1222 (base 4) to base 16.
-6a
What is -11c (base 15) in base 8?
-374
-57173 (base 10) to base 12
-29105
Convert 22100 (base 3) to base 15.
100
Convert -329 (base 14) to base 16.
-271
11455 (base 6) to base 9
2278
22222 (base 5) to base 14
7d8
What is -462 (base 16) in base 7?
-3162
What is -3440 (base 8) in base 11?
-1409
What is -3a8 (base 15) in base 7?
-2300
What is 14773 (base 9) in base 16?
277e
-1142 (base 16) to base 10
-4418
Convert -3003310 (base 4) to base 9.
-18164
Convert -1615 (base 7) to base 13.
-3ac
-5560 (base 7) to base 11
-1560
What is -244110 (base 5) in base 8?
-22100
What is 1010000101010 (base 2) in base 12?
2ba2
2062 (base 14) to base 13
26ca
-6084 (base 11) to base 3
-102002012
What is 883 (base 9) in base 10?
723
Convert 7c8 (base 16) to base 15.
8cc
What is -278 (base 10) in base 3?
-101022
52046 (base 9) to base 3
1202001120
What is -a580 (base 15) in base 9?
-53003
What is 6c93 (base 14) in base 5?
1101240
What is -3a4 (base 12) in base 3?
-202121
What is 101000101 (base 2) in base 8?
505
What is -1206 (base 15) in base 3?
-12020220
Convert -6454 (base 7) to base 12.
-13b1
What is 1420203 (base 5) in base 2?
111001011110100
What is -6054 (base 7) in base 16?
-831
Convert 312 (base 12) to base 10.
446
What is -32b (base 12) in base 13?
-29c
92ab (base 15) to base 2
111100100001010
-12212202 (base 3) to base 11
-3247
4ba (base 16) to base 14
626
What is -9544 (base 10) in base 13?
-4462
Convert -2234 (base 6) to base 14.
-298
-2320 (base 4) to base 5
-1214
What is -4ae7 (base 15) in base 16?
-3e5f
Convert d261 (base 14) to base 5.
2124044
200122 (base 3) to base 6
2155
Convert -100001011 (base 2) to base 14.
-151
Convert 210 (base 12) to base 15.
150
Convert 21615 (base 9) to base 15.
43bb
367 (base 9) to base 12
214
What is -101000100 (base 2) in base 13?
-1bc
What is 12033 (base 8) in base 5?
131042
7072 (base 9) to base 13
2477
Convert 3123 (base 4) to base 11.
18a
What is 134535 (base 6) in base 12?
744b
-17b (base 12) to base 11
-1a8
Convert -35335 (base 6) to base 9.
-6885
-856 (base 9) to base 13
-41a
Convert 54332 (base 7) to base 3.
200120202
Convert -16490 (base 11) to base 5.
-1220320
What is -1271 (base 9) in base 2?
-1110111011
Convert -316 (base 8) to base 3.
-21122
What is -2040 (base 5) in base 14?
-154
Convert -201001 (base 3) to base 15.
-244
What is -742 (base 11) in base 14?
-47b
Convert 1066 (base 10) to base 6.
4534
-3320 (base 5) to base 14
-24c
-401 (base 7) to base 10
-197
What is -1100010001000 (base 2) in base 13?
-2b21
694e (base 15) to base 2
101011101001101
What is -100111001 (base 2) in base 11?
-265
Convert 1b38 (base 13) to base 2.
1000000000111
What is 47a5 (base 12) in base 2?
1111101101101
What is -3013 (base 7) in base 13?
-61c
What is -1858 (base 12) in base 9?
-4035
Convert -652 (base 11) to base 7.
-2166
b9 (base 15) to base 16
ae
What is 266a (base 13) in base 5?
133441
-55b (base 16) to base 6
-10203
1100202 (base 3) to base 14
50c
1310013 (base 4) to base 13
34c8
734 (base 11) to base 4
31310
-2c6 (base 15) to base 6
-2540
-1002021221 (base 3) to base 2
-101001101101011
787b (base 12) to base 10
13343
-31733 (base 9) to base 6
-241133
2f8 (base 16) to base 7
2134
-950 (base 12) to base 16
-54c
-1180c (base 14) to base 15
-c9e5
2412 (base 5) to base 8
545
What is 417 (base 11) in base 6?
2154
Convert 2477 (base 11) to base 10.
3230
-a596 (base 11) to base 12
-8144
Convert 41613 (base 9) to base 13.
c672
4314 (base 7) to base 15
6c0
-10111111111 (base 3) to base 15
-1562a
-17676 (base 8) to base 7
-32456
1431 (base 8) to base 16
319
Convert -1091 (base 11) to base 2.
-10110010111
What is -1441 (base 5) in base 14?
-138
Convert -12021 (base 4) to base 6.
-1453
What is 2434 (base 5) in base 3?
111200
-314 (base 6) to base 8
-166
What is 31787 (base 10) in base 16?
7c2b
Convert 150b (base 13) to base 10.
3053
7b2c (base 13) to base 7
101240
11111000110 (base 2) to base 10
1990
What is 2119 (base 10) in base 2?
100001000111
Convert 1011103 (base 4) to base 16.
1153
Convert 465 (base 11) to base 10.
555
Convert 636 (base 11) to base 8.
1375
-13685 (base 10) to base 13
-62c9
-4583 (base 10) to base 11
-3497
Convert 849 (base 12) to base 9.
1583
476 (base 13) to base 7
2153
Convert -2e6 (base 15) to base 5.
-10131
-57 (base 16) to base 2
-1010111
What is -1f67 (base 16) in base 10?
-8039
Convert -73829 (base 10) to base 11.
-50518
Convert 220201211 (b